 Let b be l(-6). What is the highest common factor of b and 20?
10
Let p(g) = -1 + g**3 - 4*g**2 + 4*g**2 - 2*g + 2*g**2 - 2. Let f be p(3). Calculate the greatest common divisor of f and 18.
18
Suppose 5*t + 709 - 109 = 0. Let j = t - -252. Calculate the greatest common factor of 12 and j.
12
Let y(h) = h**3 - 6*h**2 + 7*h - 2. Let k be 1 - (7 - 3) - -8. Let r be y(k). Let q be (105/(-20))/((-1)/r). What is the highest common factor of 14 and q?
14
Let n(i) = 7*i**2 + 7*i - 3. Let d be n(3). Let c = 54 + -28. Suppose 5*b + 3*f - c = 16, -4*f = -4*b + 40. Calculate the greatest common factor of d and b.
9
Let h = 683 + -479. Calculate the highest common factor of 34 and h.
34
Let u = 3 - 0. Let j(b) = 2*b**2 + 1 + 3*b + 1 + b**u + 0*b. Let q be j(3). What is the highest common divisor of q and 7?
7
Suppose -5 - 166 = 3*s. Let f = -25 - s. Let v(d) = -4*d. Let w be v(-2). What is the greatest common divisor of f and w?
8
Suppose -8*i + 4 = -7*i. What is the greatest common divisor of i and 20?
4
Suppose 5*y + 2*q = -0*q + 18, 0 = -2*y - 3*q + 16. Let c = -3 - -18. Let o be ((-32)/40)/((-2)/c). Calculate the highest common factor of o and y.
2
Let d be (1*-7)/((-1)/18). Calculate the greatest common divisor of 18 and d.
18
Let l(v) = -v**2 + 6*v + 5. Let r be l(5). Let p(n) = 4*n + 2. Let z be p(-3). Let w = 0 - z. What is the greatest common divisor of r and w?
10
Let y be 5/((-15)/(-6))*-3. Let c be 3*(-1)/2*-2. Let x be c/(y/8)*-2. What is the highest common divisor of x and 80?
8
Suppose -5*k + 540 = 4*w, w - k - 97 = 38. Suppose 4*i = i + w. Suppose 3*r + 35 = 2*z + 4*r, z = 2*r + 20. Calculate the greatest common factor of i and z.
9
Let k be (-21)/6*-14*1. What is the highest common factor of 7 and k?
7
Let j be 56/40 + (-6)/(-10). What is the greatest common divisor of 10 and j?
2
Suppose -272 = -5*h + 4*a, -a - 159 = -2*h - h. Let w = 9 + 4. What is the highest common factor of w and h?
13
Suppose 3*t - 6 = 42. Let i(h) = h**2 + 16*h - 1. Let w be i(-7). Let s = w + 224. What is the highest common divisor of t and s?
16
Let q(z) = -z - 1. Let b be q(-4). Suppose -m - 2 = -4*a, 2*m = -2*a + b*m. Calculate the greatest common factor of 5 and a.
1
Suppose -4*y - 92 = -5*h - 917, -2*h = -2*y + 414. Let l be -1 + (-1 + 63)/2. What is the greatest common factor of y and l?
30
Suppose -2*n + 2*h = 6, -5*n = 3*h - 0 - 25. Suppose -12 = -2*b - n*b. Let a = 16 - b. What is the highest common factor of a and 117?
13
Suppose 2*s + 18 = 88. What is the greatest common divisor of s and 5?
5
Suppose 140*i - 134*i = 60. What is the greatest common divisor of i and 90?
10
Let k be 3/(2/4*2). Suppose k*o - 54 = -3*t, 0 = -3*t - t + o + 82. What is the greatest common divisor of 160 and t?
20
Let z be -3 + 85/5 + -4. What is the highest common divisor of z and 15?
5
Suppose -4*n - 16 = -4. Let a(u) = 8*u**2 - 3*u - 4. Let f be a(n). Let o be ((-66)/(-24))/((-2)/(-8)). Calculate the highest common factor of o and f.
11
Let x(f) = f**3 - 3*f**2 - 4*f + 6. Let a be x(4). Suppose 350 = 4*w + w + 4*t, -4*t = -3*w + 178. Calculate the highest common factor of w and a.
6
Let q be (-45)/(-10)*16/(-3). Let u be (-4)/q - (-58)/12. What is the greatest common factor of u and 5?
5
Suppose 5*z - 16 = 14. What is the greatest common factor of 66 and z?
6
Let b be 2 + -1 - (-8 + 3). What is the highest common divisor of 4 and b?
2
Let a(f) = 28*f**2. Let t be a(2). Let x = t - 76. Let h(w) = 2*w**2 - 6*w - 12. Let q be h(6). Calculate the greatest common divisor of q and x.
12
Let h(y) = -20*y - 6. Let r be h(-8). Calculate the greatest common factor of 22 and r.
22
Let x(b) = 28*b**2 - b - 7. Let u be x(-3). What is the highest common divisor of 31 and u?
31
Let b(t) = -t**3 - t**2 - t + 25. Let a be b(0). Let q be (0 - 6/4)/((-3)/20). What is the highest common divisor of q and a?
5
Suppose -2*f - 3 = 9. Let v = f - -12. Suppose -2*c + 30 = 3*c. What is the highest common factor of v and c?
6
Let w = -162 + 297. Suppose -5*c + n - 2*n = -72, 0 = -2*c + 3*n + 39. What is the greatest common factor of w and c?
15
Suppose -2*c - 4*a = -152, 88 - 428 = -4*c + a. What is the highest common divisor of 12 and c?
12
Suppose 3*h + 19 = s, 5*h + 12 = -13. Suppose s*r - 142 + 14 = 0. Let x(m) = 10*m - 2. Let q be x(1). What is the highest common factor of r and q?
8
Suppose 4*b - 16 = 6*b. Let r = 18 + b. Let z = 4 + 6. Calculate the highest common divisor of z and r.
10
Suppose 5*k - 14 = 4*k. Let q = k - 8. Let o(v) = v. Let m be o(3). What is the highest common divisor of m and q?
3
Let i = 970 - 691. What is the greatest common divisor of 31 and i?
31
Let u = -3 - -3. Suppose -5*i + i + 64 = u. Calculate the greatest common divisor of 48 and i.
16
Let m be 2/((-3)/(-702)*4). Let x be 1/((-3)/(-39) - 0). What is the highest common factor of x and m?
13
Suppose 3*r - 14 = -2, 0 = -5*d + 3*r - 27. Let n be -1*13*(d + 2). Suppose -15 = -2*k - k, k = q - 86. Calculate the highest common factor of q and n.
13
Let u(q) = q + 1. Let z be u(0). Suppose 0 = 3*p + z - 16. Let a be p/2*(-72)/(-20). Calculate the highest common factor of 36 and a.
9
Suppose -4*z + 6 = -2*z, 5*z = 4*w - 33. What is the greatest common divisor of 48 and w?
12
Let x be 2*39/18*3. Let v(i) = -8*i + 3. Let r(t) = -8*t + 3. Let b(s) = -3*r(s) + 2*v(s). Let h be b(2). What is the highest common factor of h and x?
13
Let a = -20 + 37. Suppose 0*m - 4*m = -612. Calculate the highest common divisor of a and m.
17
Let l = -4 - -1. Let h be 14 + (2 + -3 - l). What is the greatest common divisor of 8 and h?
8
Let h(x) = -13*x - 17. Let p be h(-5). Calculate the greatest common factor of 16 and p.
16
Suppose 2*g = 2*u + 32, -7*g - 26 = -8*g + 3*u. What is the greatest common divisor of 88 and g?
11
Let t = -31 + 45. What is the highest common divisor of 154 and t?
14
Let z be 312/14 - 2/7. Suppose -3*m - 3*a = -585, -4*m = -4*a + a - 801. What is the greatest common divisor of z and m?
22
Suppose 3*g - 12 = -0*g. Suppose 160 = h + g*h - 2*j, -45 = -h + 3*j. Suppose -h = -0*t - 3*t. What is the highest common divisor of t and 4?
2
Let d = -56 + 106. Calculate the highest common divisor of 20 and d.
10
Let h(a) = 2*a**2 + 4*a + 2. Let r be h(-2). Let o be (-14 + 2/r)/(-1). Let p be (-1)/((-5)/195)*22/6. What is the greatest common divisor of o and p?
13
Let g = -105 - -240. Calculate the highest common divisor of 27 and g.
27
Suppose 3*z = -54 - 21. Let g be (-385)/7 + 1 + 2 - -3. Let q = z - g. What is the greatest common divisor of 16 and q?
8
Suppose 0*o + 4*o - 8 = 0. Suppose 0 = 2*j - 19 - 25. Calculate the highest common factor of j and o.
2
Let y be 9/(2 + (-10)/6). Suppose 47 + 34 = w. Calculate the highest common factor of w and y.
27
Let i(a) be the first derivative of a**3/3 - 3*a**2/2 - 6*a + 1. Let s be i(-7). Let b = 36 - 20. What is the greatest common factor of s and b?
16
Suppose 2*z - 26 = -u, 5*u = 7 + 3. Suppose -4*p + 3*p = -3. What is the greatest common divisor of p and z?
3
Suppose -2*g + 73 = -27. Let n be (-1 - -2)/((-5)/(-175)). Let o = g - n. What is the greatest common divisor of o and 75?
15
Let w = 28 - -6. Let r(z) = -z**3 - 10*z**2 + 5*z + 19. Let d be r(-11). Calculate the highest common divisor of w and d.
17
Let l be -1 + 0 + 8 + -2. What is the highest common divisor of 2 and l?
1
Let d = 8 - 5. Let o be (3/6)/(1/24). Let i be (3/(-2))/((-9)/o). Calculate the greatest common factor of i and d.
1
Let u(n) = n**3 - 4*n**2 + 3*n - 45. Let c be u(6). Calculate the highest common factor of c and 15.
15
Let x = 6 - 9. Let m = x - -8. Let k be 0 - (-2 + 2) - -15. Calculate the highest common factor of k and m.
5
Let m(q) = q**2 + 18. Suppose -6*v = -3*v. Let b be m(v). What is the greatest common divisor of b and 27?
9
Suppose o + 0*o = 0. Suppose o = 4*h - 7 - 1. Suppose -5*j - 5*c = -25, 4*j - 5*c - 2 = -3*c. Calculate the highest common factor of j and h.
2
Let r be (-27)/((-1)/1) - -3. Suppose -c = -0*c - 45. What is the greatest common factor of c and r?
15
Let d = 9 + -2. Let w(u) = u + 3. Let g be w(-1). Suppose 3*c = -g*c + 245. Calculate the highest common factor of d and c.
7
Let t be 18 + 0 + 5 + -3. What is the greatest common divisor of t and 180?
20
Suppose 0 = -25*a + 27